{"id":8,"date":"2023-03-24T01:16:25","date_gmt":"2023-03-24T04:16:25","guid":{"rendered":"https:\/\/rgncontabilidade.com.br\/?page_id=8"},"modified":"2023-03-24T09:43:13","modified_gmt":"2023-03-24T12:43:13","slug":"sobre","status":"publish","type":"page","link":"https:\/\/rgncontabilidade.com.br\/?page_id=8","title":{"rendered":"Sobre"},"content":{"rendered":"\n<p>A empresa RGN servi\u00e7os contabeis surgiu com o intuito de ajudar a popula\u00e7\u00e3o da cidade Caieiras com suas obriga\u00e7\u00f5es fiscais, servi\u00e7os de contabilidade geral, como o registro de transa\u00e7\u00f5es financeiras, a prepara\u00e7\u00e3o de demonstra\u00e7\u00f5es financeiras, balan\u00e7os patrimoniais e outras informa\u00e7\u00f5es cont\u00e1beis necess\u00e1rias para uma empresa ou pessoa fisica.<\/p>\n\n\n\n<p>Estes s\u00e3o alguns dos servi\u00e7os prestados por nossa consultoria.<\/p>\n\n\n\n<ol class=\"wp-block-list\">\n<li>Folha de pagamento: servi\u00e7os de processamento de folha de pagamento, que incluem c\u00e1lculo de sal\u00e1rios e benef\u00edcios, reten\u00e7\u00f5es fiscais e previdenci\u00e1rias e o processamento de pagamentos.<\/li>\n\n\n\n<li>Consultoria tribut\u00e1ria: servi\u00e7os que auxiliam empresas a lidar com quest\u00f5es fiscais e tribut\u00e1rias, como impostos, obriga\u00e7\u00f5es acess\u00f3rias, an\u00e1lise de benef\u00edcios fiscais e redu\u00e7\u00e3o de custos.<\/li>\n\n\n\n<li>Planejamento financeiro: servi\u00e7os de consultoria financeira que ajudam empresas a planejar e gerenciar suas finan\u00e7as, como previs\u00e3o de fluxo de caixa, an\u00e1lise de investimentos, elabora\u00e7\u00e3o de or\u00e7amentos e gest\u00e3o de riscos financeiros.<\/li>\n\n\n\n<li>Auditoria: servi\u00e7os de auditoria que verificam a conformidade da empresa com as normas cont\u00e1beis e fiscais, identificando poss\u00edveis problemas e fraudes e oferecendo recomenda\u00e7\u00f5es para melhorar a efici\u00eancia e a transpar\u00eancia financeira.<\/li>\n\n\n\n<li>Abertura e encerramento de empresas: servi\u00e7os que auxiliam empresas na abertura e encerramento de empresas, incluindo registro, legaliza\u00e7\u00e3o, obten\u00e7\u00e3o de licen\u00e7as e alvar\u00e1s e outros processos administrativos.<\/li>\n<\/ol>\n","protected":false},"excerpt":{"rendered":"<p>A empresa RGN servi\u00e7os contabeis surgiu com o intuito de ajudar a popula\u00e7\u00e3o da cidade Caieiras com suas obriga\u00e7\u00f5es fiscais, servi\u00e7os de contabilidade geral, como o registro de transa\u00e7\u00f5es financeiras, a prepara\u00e7\u00e3o de demonstra\u00e7\u00f5es financeiras, balan\u00e7os patrimoniais e outras informa\u00e7\u00f5es cont\u00e1beis necess\u00e1rias para uma empresa ou pessoa fisica. Estes s\u00e3o alguns dos servi\u00e7os prestados por<br \/><a class=\"moretag\" href=\"https:\/\/rgncontabilidade.com.br\/?page_id=8\">+ Read More<\/a><\/p>\n","protected":false},"author":1,"featured_media":0,"parent":0,"menu_order":0,"comment_status":"closed","ping_status":"closed","template":"","meta":{"footnotes":""},"class_list":["post-8","page","type-page","status-publish","hentry"],"_links":{"self":[{"href":"https:\/\/rgncontabilidade.com.br\/index.php?rest_route=\/wp\/v2\/pages\/8","targetHints":{"allow":["GET"]}}],"collection":[{"href":"https:\/\/rgncontabilidade.com.br\/index.php?rest_route=\/wp\/v2\/pages"}],"about":[{"href":"https:\/\/rgncontabilidade.com.br\/index.php?rest_route=\/wp\/v2\/types\/page"}],"author":[{"embeddable":true,"href":"https:\/\/rgncontabilidade.com.br\/index.php?rest_route=\/wp\/v2\/users\/1"}],"replies":[{"embeddable":true,"href":"https:\/\/rgncontabilidade.com.br\/index.php?rest_route=%2Fwp%2Fv2%2Fcomments&post=8"}],"version-history":[{"count":3,"href":"https:\/\/rgncontabilidade.com.br\/index.php?rest_route=\/wp\/v2\/pages\/8\/revisions"}],"predecessor-version":[{"id":67,"href":"https:\/\/rgncontabilidade.com.br\/index.php?rest_route=\/wp\/v2\/pages\/8\/revisions\/67"}],"wp:attachment":[{"href":"https:\/\/rgncontabilidade.com.br\/index.php?rest_route=%2Fwp%2Fv2%2Fmedia&parent=8"}],"curies":[{"name":"wp","href":"https:\/\/api.w.org\/{rel}","templated":true}]}}